. Let h be c(l). Calculate v(h).
-6
Let m be 6/(-8*(-45)/240). Let p(z) = 6*z**2 - z + 1. Calculate p(m).
93
Let g(m) = -m**2 + 9*m + 16. Let z = -2326 - -2331. Give g(z).
36
Suppose 0 = 3*v + 2*i + 5, 4*v + 6*i = i - 9. Let m be -16 + 20 - (-10)/(0 - v). Suppose -4*o + m = 10. Let n(c) = 3*c**3 + 1. Calculate n(o).
4
Let u be 3 + (0/3)/(-9 + 112/14). Let t(m) = -7*m**2 + 2*m - 3. Determine t(u).
-60
Let a(v) = -8*v + 177. Let h(d) = -5*d - 3. Let i(u) = -a(u) + 6*h(u). What is i(-9)?
3
Let y(v) = 4*v**2 - 21*v + 4. Let a be (-5166)/(-882) + 12/(-14). Give y(a).
-1
Let c(g) = -g**2 + 51*g - 509. Let r be c(38). Let s(m) = 2*m**3 + 30*m**2 - 2*m - 34. Determine s(r).
-4
Let r(j) = -4*j**2 + 43*j - 106. Let l be r(6). Let u(c) = -c**3 + 9*c**2 - 4*c - 27. What is u(l)?
5
Let t(c) be the first derivative of 4*c**2 - 2. Suppose 6 = -61*o + 63*o. Suppose -29*d = o - 32. Give t(d).
8
Suppose 0 = v + 3*s - 6, -3*s + 7 = 3*v - 11. Let k(f) be the third derivative of f**4/12 - f**3/6 + 2*f**2. What is k(v)?
11
Let d(y) = -20*y - 62. Suppose 231*w - 229*w + 22 = -4*p, p = -2*w - 10. Determine d(w).
-2
Let f(s) = -s**2 - s + 18. Let d be (-4)/10*-10 - (6 + 30)/4. Give f(d).
-2
Let a(c) = -16*c + 38. Suppose -2*g - 34 = 9*z - 4*z, -4*g = 2*z + 20. Let p be a(z). Let y(l) = 1 - 121*l**2 + 0 + p*l**2. Calculate y(-1).
14
Let u(n) = n**2 - 41*n + 272. Let j be u(8). Let s(y) = -7*y + 10. Determine s(j).
-46
Let n(s) = -4*s + 207 - 222 - 20 + 2*s. Determine n(-16).
-3
Let s(g) = -g**3 + g**2 + 3*g - 38. Let q(y) = y**3 - 3*y + 40. Let z(j) = 6*q(j) + 7*s(j). What is z(7)?
-5
Let k(x) = -x**3 + 5*x**2 - x. Let a(i) = 3*i + 33. Let o be a(-11). Let p be (0 + o + 4)*(-33)/(-66). Suppose 0 = p*j + 5 - 9. Calculate k(j).
10
Let u(c) = c**3 + 32*c**2 + 172*c - 58. Let x be u(-25). Let p(n) = 5*n - 70. Determine p(x).
15
Let x(k) = -33*k**2 - 907 + 1811 - k - 905. Determine x(1).
-35
Let r(n) = 2*n + 22. Let d be r(9). Let s = 33 - d. Let w(t) = 4*t - 1. Let a(k) = -6*k + 1. Let p(c) = s*w(c) - 5*a(c). Calculate p(-2).
-2
Let v(a) = 3*a**3 + a**2 + 26. Let y(x) = x**3. Let l(j) = -v(j) + 4*y(j). Suppose 34*s - 33*s = 0. Calculate l(s).
-26
Let n(i) = -4*i + 39. Let d(m) = 3*m - 34. Let k(x) = 3*d(x) + 2*n(x). Calculate k(0).
-24
Suppose -45*g + 30 - 255 = 0. Let q(p) = -7*p + 1. Give q(g).
36
Let c(i) = -i**3 + 12*i**2 + 23*i + 68. Suppose 2*s - 50 = -4*k, -52*k = -58*k + 5*s + 99. Calculate c(k).
-2
Let k(j) be the second derivative of -j**6/144 - j**5/40 - 41*j**4/12 - 3*j + 2. Let t(h) be the third derivative of k(h). What is t(-5)?
22
Let t be (-6 - (-174)/30)*-50. Let z(g) be the third derivative of -g**4/24 + 7*g**3/2 - 2*g**2. Calculate z(t).
11
Suppose -34*w - 55 = -35*w. Suppose -3*h - 10*p = -13*p + 21, 5*p + w = -4*h. Let t(o) = o**2 + 12*o + 9. What is t(h)?
-11
Suppose 4*f + 72*t + 4 = 70*t, t = -2. Let z(r) be the second derivative of 0 + f*r**2 - 1/6*r**3 - 23*r. What is z(4)?
-4
Let o = -34 - -36. Let t(k) = -4*k - k - 4*k + 0*k + 10 - 6*k**o + k**3. Let n(d) = 6*d**2 + 24*d - 23. Let j be n(-5). Determine t(j).
-4
Let t be 111/(-21) - (-4)/14. Let p(g) be the second derivative of 1/6*g**3 + 7/2*g**2 - 37*g + 0. What is p(t)?
2
Let l(j) = -2*j**3 + 33*j**2 - 40*j - 11. Let b be l(13). Let r(s) = 1313 - b - 658 - s. Give r(6).
-3
Suppose 6*n = 92 - 62. Let p(u) = -4 + u - n*u + 5*u. Determine p(4).
0
Let z(h) = h**3 + h**2 - 3*h - 2. Suppose -4*t - 156 = 5*x, 4 - 24 = -5*x. Let b = t - -55. Suppose -3*d + 5 = b. What is z(d)?
0
Let p(a) = -a + 4. Suppose -6 = 3*l + 3*w, -3*w - 10 = -3*l + 20. Let y(d) = -2*d - 4. Let i be y(-3). Suppose -8 = -v + i*v + 2*k, -16 = l*k. Calculate p(v).
4
Let t(n) = 9*n**3 - 2*n**2 + 2. Let q = -3778 + 3779. Give t(q).
9
Let u(l) = -l**2 + 5*l + 2 + 1 + 7. Suppose -53*p = 28 - 399. Give u(p).
-4
Let a(q) be the second derivative of -2 - 1/20*q**5 - 7/6*q**3 - q + 3/4*q**4 + 1/2*q**2. Give a(8).
9
Let v(m) be the third derivative of -m**4/24 - 10*m**3/3 + 3290*m**2. Calculate v(-26).
6
Let t(g) = -4 + 2*g + 3*g**3 + 0*g**3 + 5*g**2 - 2*g**3. Let n = 89653 - 89656. Determine t(n).
8
Let n(b) = -b**3 - 5*b**2 + b - 3. Let f be (2/(-3))/((-16)/576). Let z = 118 - 34. Let x be 74/(-14) + f/z. Determine n(x).
-8
Let n(d) = -d**3 + 7*d**2 - 12*d + 88. Let j(s) = -s**2 - 2*s + 106. Let o be j(9). What is n(o)?
4
Suppose 2*i + 19 = k, -621*i + 619*i + 59 = 5*k. Suppose 0 = 2*n - 2 - 2. Let t(l) = 2*l**3 + 4*l**n + l**3 + 1 - 2*l**3 - 2*l. Give t(i).
16
Let v = -185 + 190. Suppose 4*z = v*z + h - 5, z - 5 = 2*h. Let y(o) = o**2 - 3*o - 6. Give y(z).
4
Let y(r) be the first derivative of -33*r**2 + 90*r - 147. Let z(s) = 5*s - 7. Suppose -2*j - 7 = 47. Let k(m) = j*z(m) - 2*y(m). What is k(6)?
-9
Let p(w) = -4*w**3 - 24*w**2 + 4*w + 34. Let r(z) = z**3 + 8*z**2 - z - 11. Let c(x) = -2*p(x) - 7*r(x). Suppose 5*k = 4*f + 16, k - 5*f + 917 = 895. Give c(k).
1
Let i(z) = -9*z + 13. Suppose 5*a - 5*g = 1 + 29, 4*a - 2*g = 26. Let q(j) = 3912*j - 4 + 3910*j - 7819*j. Let h(r) = a*q(r) + 2*i(r). Give h(5).
13
Let q be (-2)/(-1) - -3*(-14)/(-21). Let o(z) = 15*z + 14. Let x(p) = -7*p - 8. Let h(a) = q*o(a) + 9*x(a). What is h(-5)?
-1
Let x(y) = -y**2 - 33*y - 93. Let q be (-43)/((-817)/(-114))*5. Determine x(q).
-3
Suppose -33 = 32*k - 43*k. Let h(y) = y - 2 + 6*y - 4 - k*y + 5. Let d = -3 - -5. Determine h(d).
7
Let z(b) = 12*b - 1. Suppose 158 - 169 = 4*v + 3*w, v - 2*w - 11 = 0. Let x be ((-2)/(-8 + 6))/v. Determine z(x).
11
Let t(k) = -3*k**2 - 5*k. Let j(g) = 7*g**2 + 9*g. Let x(f) = 2*j(f) + 5*t(f). Suppose 48*l - 3207 = -3447. Calculate x(l).
10
Let w(m) = 13*m + 247. Let y be w(-19). Let p(t) = -t**3 - 27. Calculate p(y).
-27
Let m(s) = -2*s - 7. Let z be m(-5). Let c(d) = 2*d - 11*d**3 + 24*d**z - 12*d**3 + 2 + 6*d**2. Determine c(-6).
-10
Let l(t) = -203*t + 32. Let v(x) = 27*x - 4. Let d(h) = -2*l(h) - 15*v(h). Let g = -9 + 14. What is d(g)?
1
Suppose 111*c = -22*c + 916 + 680. Let j(d) = -21*d + 248. Calculate j(c).
-4
Let r(y) = -3*y**2 + 3*y - 4. Let z(p) = -p**2 - 4*p - 1. Let v(g) = r(g) - 2*z(g). Determine v(10).
8
Suppose -2*z - 3*b + 6 = 0, b = -3*z + 8*z - 15. Suppose 0 = -10*g + z*g + 6*g. Let i(r) = -r**3 - r**2 - r - 19. Give i(g).
-19
Let i(a) = 7*a**3 + a**2 + 9*a - 10. Let o(k) = -k**3 + k**2 - k + 1. Let l(v) = i(v) + 6*o(v). Let q be 963/(-535)*30/9. What is l(q)?
14
Let w(g) be the second derivative of -g**3/6 + 9*g**2/2 - 7952*g. Let v(p) = p**2 - 6*p + 5. Let m be v(7). What is w(m)?
-3
Let a(h) = -8*h - 51. Let p(n) = 9*n + 51. Let x(u) = -5*a(u) - 4*p(u). Determine x(-11).
7
Let p = -11 + 18. Let m be (-1 - -2)*(24 - p). Suppose 39 = -7*v - m. Let w(z) = -z**2 - 7*z + 9. Calculate w(v).
1
Let d(s) = s - 110. Let u(q) = 19. Let l(h) = d(h) + 6*u(h). Let n be 4*2/(-10)*5. Give l(n).
0
Let v(c) = c**3 - 15*c**2 - c. Let s = 14350 - 14335. Give v(s).
-15
Let c be (2 - (3 + (-1)/6)) + 3124/264. Let t(x) = 10*x - 107. Determine t(c).
3
Let u(g) be the second derivative of -g**4/12 + 2*g**3 - 3*g**2 + 1662*g. What is u(15)?
-51
Let b(f) = -8*f + 8*f + 6 + 2 + f + 0. Let o be (-2)/1 + 2 + 0. Suppose z + 2 + 3 = o. Calculate b(z).
3
Suppose -5*v + 3*f + 17 = 74, 0 = -5*v + 4*f - 61. Let d(l) = -l**2 - 24*l - 142. Calculate d(v).
-7
Let f(q) = q - 5. Suppose 0 = -13*k - 49 + 465. Let x be k/(-24) + 110/15. Calculate f(x).
1
Let m be (-6)/15 - 66/10. Let o(y) be the first derivative of y**4/4 + 2*y**3 - 4*y**2 - 3*y + 32. What is o(m)?
4
Let l = 4 + -2. Let o(i) be the first derivative of -i**5/60 + i**4/8 - 5*i**2/2 - i + 14. Let k(z) be the second derivative of o(z). Calculate k(l).
2
Suppose 624 = 4*n + 4*l, -2*n - 656 = -6*n + 4*l. Suppose 7*y = 2*y + n. Let m = 36 - y. Let p(q) = -q**2 + 4*q - 4. Give p(m).
-4
Let x = 0 - -2. Let q(c) = 2*c**x - 3*c**2 - 6 - 7*c + 6. Suppose 3*k + f + f + 22 = 0, -2*k + 17 = -5*f. What is q(k)?
12
Let b(x) = 15*x**2 - 2*x - 9. Let d(r) = r**2 - r - 4. Let l(u) = -b(u) + 2*d(u). Determine l(-1).
-12
Let p(r) = 2*r**2. Let z be p(-1). Let t = -6433 + 6659. Let y(d) = z*d - t - 231 + 466. Give y(-7).
-5
Let l(k) = -2*k**2 - 10*k + 2. Let v be l(-5). Suppose v*f = -f. Let t(n) = n**2 - 7*n + 2 + 0 - n + f*n**2. Calculate t(6).
-10
Let n be 16/(-8) - 8 - -99. Let g(x) = -33*x - 2